{"id":1797,"date":"2025-08-28T18:38:31","date_gmt":"2025-08-28T18:38:31","guid":{"rendered":"https:\/\/quiroga.gob.mx\/?page_id=1797"},"modified":"2025-08-28T19:07:15","modified_gmt":"2025-08-28T19:07:15","slug":"pago-de-predial","status":"publish","type":"page","link":"https:\/\/quiroga.gob.mx\/index.php\/pago-de-predial\/","title":{"rendered":"Pago de Predial"},"content":{"rendered":"<div class=\"fusion-fullwidth fullwidth-box fusion-builder-row-1 fusion-flex-container has-pattern-background has-mask-background nonhundred-percent-fullwidth non-hundred-percent-height-scrolling\" style=\"--awb-border-radius-top-left:0px;--awb-border-radius-top-right:0px;--awb-border-radius-bottom-right:0px;--awb-border-radius-bottom-left:0px;--awb-flex-wrap:wrap;\" ><div class=\"awb-background-mask\" style=\"background-image:  url(data:image\/svg+xml;utf8,%3Csvg%20width%3D%221920%22%20height%3D%22954%22%20fill%3D%22none%22%20xmlns%3D%22http%3A%2F%2Fwww.w3.org%2F2000%2Fsvg%22%3E%3Cpath%20fill-rule%3D%22evenodd%22%20clip-rule%3D%22evenodd%22%20d%3D%22M1920%20615.353V340.175l-137.59%20137.589L1920%20615.353zM1919.24%20954l-167.18-167.177-139.35-139.353L1443%20477.764l169.71-169.706%20139.35-139.352L1920%20.764V0h-137.19L1345%20437.812%20907.188%200H0v954h907l84.447-84.447%20268.703-268.7L1345%20516l84.85%2084.853%20268.7%20268.7L1783%20954h136.24zM1345%20685.706L1613.29%20954H1526l-138.57-138.574L1345%20773l-42.43%2042.426L1164%20954h-87.29L1345%20685.706zM1248.85%20954l96.15-96.147L1441.15%20954h-192.3z%22%20fill%3D%22rgba%2843%2C160%2C163%2C1%29%22%2F%3E%3C%2Fsvg%3E);opacity: 1 ;transform: scale(1, 1);mix-blend-mode:normal;\"><\/div><div class=\"fusion-builder-row fusion-row fusion-flex-align-items-flex-start fusion-flex-content-wrap\" style=\"max-width:1216.8px;margin-left: calc(-4% \/ 2 );margin-right: calc(-4% \/ 2 );\"><div class=\"fusion-layout-column fusion_builder_column fusion-builder-column-0 fusion_builder_column_2_3 2_3 fusion-flex-column\" style=\"--awb-bg-size:cover;--awb-width-large:66.666666666667%;--awb-margin-top-large:0px;--awb-spacing-right-large:2.88%;--awb-margin-bottom-large:20px;--awb-spacing-left-large:2.88%;--awb-width-medium:100%;--awb-order-medium:0;--awb-spacing-right-medium:1.92%;--awb-spacing-left-medium:1.92%;--awb-width-small:100%;--awb-order-small:0;--awb-spacing-right-small:1.92%;--awb-spacing-left-small:1.92%;\"><div class=\"fusion-column-wrapper fusion-column-has-shadow fusion-flex-justify-content-flex-start fusion-content-layout-column\"><div class=\"fusion-text fusion-text-1\" style=\"--awb-content-alignment:justify;--awb-margin-right:10px;--awb-margin-left:10px;\"><p class=\"ng-star-inserted\"><strong class=\"ng-star-inserted\"><span class=\"ng-star-inserted\">\u00a1Quiroga al D\u00eda, con un Clic! \ud83d\udcbb Paga tu Predial en L\u00ednea<\/span><\/strong><\/p>\n<p class=\"ng-star-inserted\"><span class=\"ng-star-inserted\">Sabemos que tu tiempo es valioso. Por eso, el H. Ayuntamiento de Quiroga te invita a aprovechar la forma m\u00e1s c\u00f3moda, r\u00e1pida y segura de cumplir con tu\u00a0<\/span><strong class=\"ng-star-inserted\"><span class=\"ng-star-inserted\">Impuesto Predial<\/span><\/strong><span class=\"ng-star-inserted\">: \u00a1desde la comodidad de tu hogar u oficina!<\/span><\/p>\n<p class=\"ng-star-inserted\"><strong class=\"ng-star-inserted\"><span class=\"ng-star-inserted\">Olv\u00eddate de filas y traslados. Paga tu Predial en nuestro Portal Web oficial:<\/span><\/strong><\/p>\n<ul class=\"ng-star-inserted\">\n<li class=\"ng-star-inserted\">\n<p class=\"ng-star-inserted\"><strong class=\"ng-star-inserted\"><span class=\"ng-star-inserted\">\ud83d\udcbb F\u00e1cil y R\u00e1pido:<\/span><\/strong><span class=\"ng-star-inserted\">\u00a0Accede a nuestra plataforma en cualquier momento, 24\/7.<\/span><\/p>\n<\/li>\n<li class=\"ng-star-inserted\">\n<p class=\"ng-star-inserted\"><strong class=\"ng-star-inserted\"><span class=\"ng-star-inserted\">\ud83c\udfe1 Desde Donde Est\u00e9s:<\/span><\/strong><span class=\"ng-star-inserted\">\u00a0Paga desde tu computadora, tablet o smartphone.<\/span><\/p>\n<\/li>\n<li class=\"ng-star-inserted\">\n<p class=\"ng-star-inserted\"><strong class=\"ng-star-inserted\"><span class=\"ng-star-inserted\">\ud83d\udd12 100% Seguro:<\/span><\/strong><span class=\"ng-star-inserted\">\u00a0Tus datos y transacciones est\u00e1n protegidos.<\/span><\/p>\n<\/li>\n<li class=\"ng-star-inserted\">\n<p class=\"ng-star-inserted\"><strong class=\"ng-star-inserted\"><span class=\"ng-star-inserted\">\ud83c\udf33 Contribuye al Progreso:<\/span><\/strong><span class=\"ng-star-inserted\">\u00a0Tu pago es esencial para las obras y servicios que mejoran Quiroga.<\/span><\/p>\n<\/li>\n<\/ul>\n<p class=\"ng-star-inserted\"><strong class=\"ng-star-inserted\"><span class=\"ng-star-inserted\">\u00a1No dejes para ma\u00f1ana lo que puedes hacer hoy!<\/span><\/strong><\/p>\n<p class=\"ng-star-inserted\"><span class=\"ng-star-inserted\">Tu contribuci\u00f3n es la fuerza que impulsa el desarrollo de Quiroga. Con tu pago en l\u00ednea, haces m\u00e1s eficiente tu tiempo y apoyas directamente a nuestro municipio.<\/span><\/p>\n<p class=\"ng-star-inserted\"><strong class=\"ng-star-inserted\"><span class=\"ng-star-inserted\">\u00a1Paga tu Predial en L\u00ednea y hagamos juntos un Quiroga mejor!<\/span><\/strong><\/p>\n<p class=\"ng-star-inserted\"><strong class=\"ng-star-inserted\"><span class=\"ng-star-inserted\">H. Ayuntamiento de Quiroga<\/span><\/strong><\/p>\n<\/div><\/div><\/div><div class=\"fusion-layout-column fusion_builder_column fusion-builder-column-1 fusion_builder_column_1_3 1_3 fusion-flex-column\" style=\"--awb-bg-size:cover;--awb-width-large:33.333333333333%;--awb-margin-top-large:0px;--awb-spacing-right-large:5.76%;--awb-margin-bottom-large:20px;--awb-spacing-left-large:5.76%;--awb-width-medium:100%;--awb-order-medium:0;--awb-spacing-right-medium:1.92%;--awb-spacing-left-medium:1.92%;--awb-width-small:100%;--awb-order-small:0;--awb-spacing-right-small:1.92%;--awb-spacing-left-small:1.92%;\"><div class=\"fusion-column-wrapper fusion-column-has-shadow fusion-flex-justify-content-flex-start fusion-content-layout-column\"><div class=\"fusion-separator fusion-full-width-sep\" style=\"align-self: center;margin-left: auto;margin-right: auto;margin-top:100px;width:100%;\"><\/div><div style=\"text-align:center;\"><a class=\"fusion-button button-flat fusion-button-default-size button-custom fusion-button-default button-1 fusion-button-default-span fusion-button-default-type\" style=\"--button_accent_color:var(--awb-custom11);--button_accent_hover_color:rgba(255,255,255,.9);--button_border_hover_color:rgba(255,255,255,.9);--button_gradient_top_color:#ffff00;--button_gradient_bottom_color:#ffff00;--button_gradient_top_color_hover:rgba(255,255,255,.035);--button_gradient_bottom_color_hover:rgba(255,255,255,.035);\" target=\"_blank\" rel=\"noopener noreferrer\" href=\"http:\/\/www.sacpi.michoacan.gob.mx\/frm_cpredial.aspx\"><i class=\"fa-coins fas awb-button__icon awb-button__icon--default button-icon-left\" aria-hidden=\"true\"><\/i><span class=\"fusion-button-text awb-button__text awb-button__text--default\">Pagar Predial<\/span><\/a><\/div><\/div><\/div><div class=\"fusion-layout-column fusion_builder_column fusion-builder-column-2 fusion_builder_column_1_1 1_1 fusion-flex-column\" style=\"--awb-bg-size:cover;--awb-width-large:100%;--awb-margin-top-large:0px;--awb-spacing-right-large:1.92%;--awb-margin-bottom-large:20px;--awb-spacing-left-large:1.92%;--awb-width-medium:100%;--awb-order-medium:0;--awb-spacing-right-medium:1.92%;--awb-spacing-left-medium:1.92%;--awb-width-small:100%;--awb-order-small:0;--awb-spacing-right-small:1.92%;--awb-spacing-left-small:1.92%;\"><div class=\"fusion-column-wrapper fusion-column-has-shadow fusion-flex-justify-content-flex-start fusion-content-layout-column\"><div class=\"fusion-image-element \" style=\"text-align:center;--awb-caption-title-font-family:var(--h2_typography-font-family);--awb-caption-title-font-weight:var(--h2_typography-font-weight);--awb-caption-title-font-style:var(--h2_typography-font-style);--awb-caption-title-size:var(--h2_typography-font-size);--awb-caption-title-transform:var(--h2_typography-text-transform);--awb-caption-title-line-height:var(--h2_typography-line-height);--awb-caption-title-letter-spacing:var(--h2_typography-letter-spacing);\"><span class=\" fusion-imageframe imageframe-none imageframe-1 hover-type-none\"><img decoding=\"async\" width=\"2314\" height=\"1136\" title=\"Quiroga 24-27\" src=\"https:\/\/quiroga.gob.mx\/wp-content\/uploads\/2024\/09\/Quiroga-24-27.png\" data-orig-src=\"https:\/\/quiroga.gob.mx\/wp-content\/uploads\/2024\/09\/Quiroga-24-27.png\" alt class=\"lazyload img-responsive wp-image-1552\" srcset=\"data:image\/svg+xml,%3Csvg%20xmlns%3D%27http%3A%2F%2Fwww.w3.org%2F2000%2Fsvg%27%20width%3D%272314%27%20height%3D%271136%27%20viewBox%3D%270%200%202314%201136%27%3E%3Crect%20width%3D%272314%27%20height%3D%271136%27%20fill-opacity%3D%220%22%2F%3E%3C%2Fsvg%3E\" data-srcset=\"https:\/\/quiroga.gob.mx\/wp-content\/uploads\/2024\/09\/Quiroga-24-27-200x98.png 200w, https:\/\/quiroga.gob.mx\/wp-content\/uploads\/2024\/09\/Quiroga-24-27-400x196.png 400w, https:\/\/quiroga.gob.mx\/wp-content\/uploads\/2024\/09\/Quiroga-24-27-600x295.png 600w, https:\/\/quiroga.gob.mx\/wp-content\/uploads\/2024\/09\/Quiroga-24-27-800x393.png 800w, https:\/\/quiroga.gob.mx\/wp-content\/uploads\/2024\/09\/Quiroga-24-27-1200x589.png 1200w, https:\/\/quiroga.gob.mx\/wp-content\/uploads\/2024\/09\/Quiroga-24-27.png 2314w\" data-sizes=\"auto\" data-orig-sizes=\"(max-width: 800px) 100vw, (max-width: 640px) 100vw, 1200px\" \/><\/span><\/div><\/div><\/div><\/div><\/div>\n","protected":false},"excerpt":{"rendered":"","protected":false},"author":1,"featured_media":0,"parent":0,"menu_order":0,"comment_status":"closed","ping_status":"closed","template":"","meta":{"footnotes":""},"class_list":["post-1797","page","type-page","status-publish","hentry"],"yoast_head":"<!-- This site is optimized with the Yoast SEO plugin v27.4 - https:\/\/yoast.com\/product\/yoast-seo-wordpress\/ -->\n<title>Pago de Predial - Municipio de Quiroga<\/title>\n<meta name=\"robots\" content=\"index, follow, max-snippet:-1, max-image-preview:large, max-video-preview:-1\" \/>\n<link rel=\"canonical\" href=\"https:\/\/quiroga.gob.mx\/index.php\/pago-de-predial\/\" \/>\n<meta property=\"og:locale\" content=\"es_MX\" \/>\n<meta property=\"og:type\" content=\"article\" \/>\n<meta property=\"og:title\" content=\"Pago de Predial - Municipio de Quiroga\" \/>\n<meta property=\"og:url\" content=\"https:\/\/quiroga.gob.mx\/index.php\/pago-de-predial\/\" \/>\n<meta property=\"og:site_name\" content=\"Municipio de Quiroga\" \/>\n<meta property=\"article:modified_time\" content=\"2025-08-28T19:07:15+00:00\" \/>\n<meta name=\"twitter:card\" content=\"summary_large_image\" \/>\n<meta name=\"twitter:label1\" content=\"Tiempo de lectura\" \/>\n\t<meta name=\"twitter:data1\" content=\"1 minuto\" \/>\n<script type=\"application\/ld+json\" class=\"yoast-schema-graph\">{\"@context\":\"https:\\\/\\\/schema.org\",\"@graph\":[{\"@type\":\"WebPage\",\"@id\":\"https:\\\/\\\/quiroga.gob.mx\\\/index.php\\\/pago-de-predial\\\/\",\"url\":\"https:\\\/\\\/quiroga.gob.mx\\\/index.php\\\/pago-de-predial\\\/\",\"name\":\"Pago de Predial - Municipio de Quiroga\",\"isPartOf\":{\"@id\":\"https:\\\/\\\/quiroga.gob.mx\\\/#website\"},\"datePublished\":\"2025-08-28T18:38:31+00:00\",\"dateModified\":\"2025-08-28T19:07:15+00:00\",\"breadcrumb\":{\"@id\":\"https:\\\/\\\/quiroga.gob.mx\\\/index.php\\\/pago-de-predial\\\/#breadcrumb\"},\"inLanguage\":\"es\",\"potentialAction\":[{\"@type\":\"ReadAction\",\"target\":[\"https:\\\/\\\/quiroga.gob.mx\\\/index.php\\\/pago-de-predial\\\/\"]}]},{\"@type\":\"BreadcrumbList\",\"@id\":\"https:\\\/\\\/quiroga.gob.mx\\\/index.php\\\/pago-de-predial\\\/#breadcrumb\",\"itemListElement\":[{\"@type\":\"ListItem\",\"position\":1,\"name\":\"Inicio\",\"item\":\"https:\\\/\\\/quiroga.gob.mx\\\/\"},{\"@type\":\"ListItem\",\"position\":2,\"name\":\"Pago de Predial\"}]},{\"@type\":\"WebSite\",\"@id\":\"https:\\\/\\\/quiroga.gob.mx\\\/#website\",\"url\":\"https:\\\/\\\/quiroga.gob.mx\\\/\",\"name\":\"Municipio de Quiroga\",\"description\":\"Municipio de Quiroga\",\"potentialAction\":[{\"@type\":\"SearchAction\",\"target\":{\"@type\":\"EntryPoint\",\"urlTemplate\":\"https:\\\/\\\/quiroga.gob.mx\\\/?s={search_term_string}\"},\"query-input\":{\"@type\":\"PropertyValueSpecification\",\"valueRequired\":true,\"valueName\":\"search_term_string\"}}],\"inLanguage\":\"es\"}]}<\/script>\n<!-- \/ Yoast SEO plugin. -->","yoast_head_json":{"title":"Pago de Predial - Municipio de Quiroga","robots":{"index":"index","follow":"follow","max-snippet":"max-snippet:-1","max-image-preview":"max-image-preview:large","max-video-preview":"max-video-preview:-1"},"canonical":"https:\/\/quiroga.gob.mx\/index.php\/pago-de-predial\/","og_locale":"es_MX","og_type":"article","og_title":"Pago de Predial - Municipio de Quiroga","og_url":"https:\/\/quiroga.gob.mx\/index.php\/pago-de-predial\/","og_site_name":"Municipio de Quiroga","article_modified_time":"2025-08-28T19:07:15+00:00","twitter_card":"summary_large_image","twitter_misc":{"Tiempo de lectura":"1 minuto"},"schema":{"@context":"https:\/\/schema.org","@graph":[{"@type":"WebPage","@id":"https:\/\/quiroga.gob.mx\/index.php\/pago-de-predial\/","url":"https:\/\/quiroga.gob.mx\/index.php\/pago-de-predial\/","name":"Pago de Predial - Municipio de Quiroga","isPartOf":{"@id":"https:\/\/quiroga.gob.mx\/#website"},"datePublished":"2025-08-28T18:38:31+00:00","dateModified":"2025-08-28T19:07:15+00:00","breadcrumb":{"@id":"https:\/\/quiroga.gob.mx\/index.php\/pago-de-predial\/#breadcrumb"},"inLanguage":"es","potentialAction":[{"@type":"ReadAction","target":["https:\/\/quiroga.gob.mx\/index.php\/pago-de-predial\/"]}]},{"@type":"BreadcrumbList","@id":"https:\/\/quiroga.gob.mx\/index.php\/pago-de-predial\/#breadcrumb","itemListElement":[{"@type":"ListItem","position":1,"name":"Inicio","item":"https:\/\/quiroga.gob.mx\/"},{"@type":"ListItem","position":2,"name":"Pago de Predial"}]},{"@type":"WebSite","@id":"https:\/\/quiroga.gob.mx\/#website","url":"https:\/\/quiroga.gob.mx\/","name":"Municipio de Quiroga","description":"Municipio de Quiroga","potentialAction":[{"@type":"SearchAction","target":{"@type":"EntryPoint","urlTemplate":"https:\/\/quiroga.gob.mx\/?s={search_term_string}"},"query-input":{"@type":"PropertyValueSpecification","valueRequired":true,"valueName":"search_term_string"}}],"inLanguage":"es"}]}},"_links":{"self":[{"href":"https:\/\/quiroga.gob.mx\/index.php\/wp-json\/wp\/v2\/pages\/1797","targetHints":{"allow":["GET"]}}],"collection":[{"href":"https:\/\/quiroga.gob.mx\/index.php\/wp-json\/wp\/v2\/pages"}],"about":[{"href":"https:\/\/quiroga.gob.mx\/index.php\/wp-json\/wp\/v2\/types\/page"}],"author":[{"embeddable":true,"href":"https:\/\/quiroga.gob.mx\/index.php\/wp-json\/wp\/v2\/users\/1"}],"replies":[{"embeddable":true,"href":"https:\/\/quiroga.gob.mx\/index.php\/wp-json\/wp\/v2\/comments?post=1797"}],"version-history":[{"count":8,"href":"https:\/\/quiroga.gob.mx\/index.php\/wp-json\/wp\/v2\/pages\/1797\/revisions"}],"predecessor-version":[{"id":1807,"href":"https:\/\/quiroga.gob.mx\/index.php\/wp-json\/wp\/v2\/pages\/1797\/revisions\/1807"}],"wp:attachment":[{"href":"https:\/\/quiroga.gob.mx\/index.php\/wp-json\/wp\/v2\/media?parent=1797"}],"curies":[{"name":"wp","href":"https:\/\/api.w.org\/{rel}","templated":true}]}}